t is the tens digit of m(-8)?
8
Suppose 25 + 25 = -10*y. What is the units digit of (560/100)/((-1)/y)?
8
Let z = 30 + -21. Let h(g) = 2 + 0 + z*g - 6*g. What is the units digit of h(2)?
8
What is the hundreds digit of (0 + 729)*(6 + -7 + 2)?
7
Let k(s) = -s**2 + 63*s - 12. What is the tens digit of k(23)?
0
Suppose 2*l + k + 79 = 6*l, 0 = -3*l + 3*k + 66. Suppose -3*m + 2*m + l = 0. What is the units digit of m?
9
Let k(a) be the first derivative of a**2 - a**4 + 3*a - 2/3*a**3 + 2. What is the tens digit of k(-2)?
2
Suppose 5*m + 5*u - 2535 = 0, 0 = -7*u + 10*u - 15. What is the units digit of m?
2
Let m(u) = -2*u - 19. Let r be m(-12). Let z be r + 2/4*-6. What is the tens digit of z + (13 - 3 - -1)?
1
Let r(y) = -y + 6. Let f = -27 + 30. What is the units digit of r(f)?
3
Let k = -79 - -86. Suppose k*n = -2 + 9. What is the units digit of n?
1
Suppose 16 = 4*g, 2*g + 0*g - 1340 = -4*m. Suppose 7*f = 4*f + m. What is the hundreds digit of f?
1
Let w(c) = 78*c + 67. Let z(r) = 118*r + 100. Let x(a) = -8*w(a) + 5*z(a). What is the tens digit of x(-11)?
3
Let p(k) = 117*k**2 + 61*k - 250. What is the units digit of p(5)?
0
Suppose 5*u + 1 = 3*x + 29, -4*x + 3*u = 19. What is the units digit of 5/(15/(-219))*x?
3
Suppose -u - 4 - 2 = -5*t, 14 = u + 5*t. Suppose 0 = -f + 5*f + 3*i - 9, u*i + 20 = 0. What is the units digit of f/(-10) + (-1030)/(-50)?
0
Let c(d) be the third derivative of -3*d**5/20 + d**4/24 + d**3/6 + 3*d**2. Let h be c(-3). Let a = -57 - h. What is the tens digit of a?
2
Let m be 16/4*(-2)/(-4). Let d be (m + -4)/(-1 + 0). Suppose 0 = -o + 3, -d*o + 5*o = -f + 16. What is the units digit of f?
7
Let y = -32 - -29. Let s = 24 + y. What is the units digit of s?
1
Suppose 9*g - 1628 = 361. Suppose g = 2*d + 5*z + 48, 2*d + 3*z = 179. What is the tens digit of d?
9
Suppose -18*m - 2*m + 28380 = 0. What is the tens digit of m?
1
Let o(d) = -d**3 + 11*d**2 + 11*d - 6. What is the tens digit of o(9)?
5
Let l(y) = -y + 21. Let b be l(-7). Suppose 262 = 3*d + b. What is the tens digit of d?
7
Suppose -2*i + 3 = o, 5*i + 20 = 2*o + o. Suppose 9 = -4*m + o. What is the units digit of (-6)/24*20/m?
5
Suppose 4 = 2*z - 2. Let m(f) = z*f + 1 - 2*f + f. What is the units digit of m(9)?
9
Suppose -317 - 148 = -c. Suppose 0 = -5*n - 5*d + c, -4*n + 3*d = 2*d - 372. What is the tens digit of n?
9
Let f be -6*2 - (1 + 2). Let v be (-1)/(-3)*-1*f. Suppose 3*w - 4*j = 4*w - 49, 2*w + v*j = 86. What is the units digit of w?
3
Suppose v - 594 = -5*v. Let x = 162 - v. What is the tens digit of x?
6
Suppose 2*m - 1398 = -212. What is the tens digit of m?
9
Suppose -27 = -0*n + 2*n + 5*s, 5*s = 3*n + 3. Let z(d) be the first derivative of -2*d**2 - 20*d + 1. What is the units digit of z(n)?
4
Let v(h) = h**3 - 7*h**2 - 7*h - 3. Let f be v(8). Suppose -l - 6 = f. What is the units digit of -1*(l - (-9)/3)?
8
Suppose -2*s + 14 = -3*z - 6*s, 29 = 2*z - 5*s. Suppose -177 = -z*f - 5*a, f - 2*f = -4*a - 121. Suppose -6*o = 41 - f. What is the units digit of o?
0
Let d = -3 + 148. What is the units digit of (3 + d)/4 - 0?
7
Let x(j) = -j**3 + 8*j**2 + 2*j - 15. Suppose -d + 37 = 29. What is the units digit of x(d)?
1
Let d(q) = -q**2 + 27*q - 46. Let p be d(25). Let z be (-11)/(-4) - 2/(-8). Suppose 3*s = -p*n - 9, s - z*n - 14 = -4*s. What is the units digit of s?
1
Let q(f) = -f**3 - 7*f**2 - f - 1. Suppose k + 5 = -2. Let z be q(k). What is the units digit of z*(2 + 10/4)?
7
Suppose 3*d + 6 = i - 5*i, 4*d + 2*i + 18 = 0. Let q be d/(-4) + (-3)/(-6). Suppose 3*m - 4 = q. What is the units digit of m?
2
Suppose 17361 = 108*o - 99*o. What is the hundreds digit of o?
9
Suppose -2*c = -5 - 1. Suppose -2*f = -4*i - f + 167, -i + f + 44 = 0. Suppose z + c*y - i = 0, -2*y = z + 2*z - 130. What is the tens digit of z?
4
Suppose 5 + 1 = x. Let u(g) = -g**2 + 7*g. Let v be u(x). Suppose 5 + v = y. What is the units digit of y?
1
Let y(t) = 13*t**2 + 4*t - 1. Let h be y(-3). Suppose 0*b - h = -b. Suppose -4*f + f + b = 4*r, -5*r - f = -130. What is the tens digit of r?
2
Let h(u) = -2*u - 1. Let t be h(-3). Suppose t*z + 345 = 8*z. What is the tens digit of z?
1
Let f = 15 - 7. Let u be (-9)/(1 + (-14)/f). Suppose 0 = o - u - 8. What is the units digit of o?
0
Let j = 204 + 65. Suppose 0 = 5*u - 3*q - 52, -u = -0*q - q - 12. Suppose -211 = -u*w + j. What is the tens digit of w?
6
Let s(h) = -h**2 + 5*h - 1. Let l be s(4). Suppose -56 = -4*k - l*x + 80, 136 = 4*k - 3*x. Suppose 2 = -2*t + k. What is the units digit of t?
6
Suppose -4*t + 80 - 336 = 0. Let z = 114 + t. Let j = z + 11. What is the tens digit of j?
6
Suppose i = 2*o + 6 + 11, -4*i = -5*o - 62. Let l = i + -7. Suppose 0 = r - l - 25. What is the units digit of r?
1
Let z(b) = 15*b - 64. Let h(v) = 5*v - 21. Suppose 0 = 4*t - 24. Let g(o) = t*z(o) - 17*h(o). What is the units digit of g(8)?
3
Let k(l) = 6*l**2 + 5*l - 5. Let m be k(1). What is the units digit of -1*123/(-6)*m?
3
Suppose -5*f - 982 = -7237. What is the units digit of f/12 + (-4)/16?
4
Let z = 736 + -586. What is the hundreds digit of z?
1
Suppose -o - 4*o + 2*n = -129, n - 57 = -2*o. Let j = o + -22. Suppose j*k - 142 = 58. What is the units digit of k?
0
Let z = -571 - -979. What is the units digit of z?
8
Let u = 5 - -13. Suppose 2 = 5*b - u. Suppose -z + 12 = -3*t, 0*t - 56 = -b*z + 4*t. What is the units digit of z?
5
What is the tens digit of 205 - -3*16/6?
1
Let q(x) = -6 - 3*x - 3*x + 8 + 1. What is the units digit of q(0)?
3
Let s be (3 - 2)/(2/4). Suppose -3*m + 39 = 5*n, -3*n + s*m + 7 + 5 = 0. Suppose -5*p = -n*p + 30. What is the tens digit of p?
3
Let t be (1 - 0/3) + -3. Let y be ((-6)/3 + 2)/t. Let w = y + 32. What is the units digit of w?
2
Let f(r) = -r**2 + 11*r - 11. Suppose 6*y - 7 = 5*y. Let c be f(y). Suppose -8*b + c = -511. What is the units digit of b?
6
Let k = -6561 + 9448. What is the units digit of k?
7
What is the units digit of (-21)/(21/(-2698)) - -12?
0
What is the thousands digit of ((-200)/34 - 26/221) + 5749?
5
Let w(b) = -3*b**3 - 3*b**2 + 3*b + 2. Let g(u) = u**3 + 9*u**2 + 2*u + 8. Let h be g(-9). Let n = -13 - h. What is the tens digit of w(n)?
4
Suppose 2*n + 2*n - 1872 = 0. Suppose -n = -a - 2*a. What is the tens digit of a/36*6/2?
1
Let d = -19 - 1. Let w = -13 - d. Suppose -3*c + w*c - 172 = 0. What is the units digit of c?
3
Suppose 0 = -4*o - 2*m + 206, 0 = 5*o - 2*m - 3*m - 295. Let p = 78 + -113. Let u = p + o. What is the units digit of u?
9
Suppose 780 = -8*x + 14*x. What is the tens digit of x?
3
What is the tens digit of (8855/(-25))/((-25)/250)?
4
Let d(r) be the first derivative of r**2/2 - 3*r - 11. Let h be d(8). Suppose -56 = h*c - 6*c. What is the tens digit of c?
5
Suppose -3*f - 1975 = -5*l, 3*f + 0*f - 1553 = -4*l. What is the hundreds digit of l?
3
Let a be 4/8 + (2 - (-5)/2). Suppose 25 - 350 = -a*g. What is the units digit of g?
5
Suppose -4*l = 21*s - 17*s - 18700, 0 = -3*s + 9. What is the hundreds digit of l?
6
Let r be -2*1*(2 + 0). Let f = r + 6. Suppose 24 = -f*c + 6*c. What is the units digit of c?
6
Suppose -3*r + b - 49 = -6*r, -4*b = -2*r + 42. Let a = -19 + r. What is the units digit of a/4*318/(-3)?
3
Let o(w) be the first derivative of w**4/4 + 4*w**3 - 10*w**2 - 12*w + 9. What is the tens digit of o(-13)?
7
What is the tens digit of (-7)/((-21)/146)*12/8?
7
Suppose -2*r - 3*g = -18, 4*g - 4 = 2*r - 3*r. Suppose 9*u + r - 750 = 0. What is the tens digit of u?
8
Suppose 3*x = 6, -3*b - 442 = -6*b + x. What is the hundreds digit of b?
1
Let g = -37 + 64. Let c = -27 + g. Suppose 4*f - 21 = -j + f, 4*f + 12 = c. What is the units digit of j?
0
Let m(l) = 6*l**2 + 8*l - 1. What is the units digit of m(-5)?
9
Let k(c) = c**2 - 11*c - 2. Let j be k(10). Let p = 7 - 8. What is the units digit of 3/p - j/3?
1
Let f = -130 - -253. Suppose f = o - 4*v, -3*o + 2*o = -3*v - 126. What is the hundreds digit of o?
1
Let r(f) = f**3 - 2*f**2 - 2*f + 5. Let s(x) = -x**3 - 26*x**2 - 25*x + 3. Let l be s(-25). What is the units digit of r(l)?
8
Let q = 13 + 1. Let m = 55 + q. What is the units digit of m?
9
Let q(i) be the first derivative of -i**2 + 22*i - 1. Let c be q(9). Suppose c*f - 2 = 2*f. What is the units digit of f?
1
Let w = 58 - 64. What is the tens digit of ((-21)/w